{"id":24,"date":"2016-10-04T22:07:57","date_gmt":"2016-10-04T20:07:57","guid":{"rendered":"http:\/\/orchestreedf.org\/?page_id=24"},"modified":"2024-07-10T10:59:41","modified_gmt":"2024-07-10T08:59:41","slug":"direction-artistique","status":"publish","type":"page","link":"https:\/\/orchestreedf.org\/index.php\/direction-artistique\/","title":{"rendered":"Direction Artistique"},"content":{"rendered":"<h3>Camilla ROSSETTI<\/h3>\n<p>Camilla Rossetti a commenc\u00e9 ses \u00e9tudes musicales \u00e0 l\u2019\u00e2ge de 7 ans au Conservatoire de Musique de Luxembourg. Apr\u00e8s des \u00e9tudes en Musique et Math\u00e9matiques \u00e0 l\u2019<em>University of East Anglia<\/em> \u00e0 Norwich en Angleterre, Camilla a pu perfectionner ses \u00e9tudes musicales \u00e0 Paris, ville o\u00f9 elle a d\u00e9but\u00e9 sa carri\u00e8re en direction d\u2019orchestre.<\/p>\n<p><img loading=\"lazy\" class=\"wp-image-1614 alignleft\" src=\"https:\/\/orchestreedf.org\/wp-content\/uploads\/2023\/03\/photo_camilla-300x200.png\" alt=\"Photo de Camilla Rossetti\" width=\"300\" height=\"200\" srcset=\"https:\/\/orchestreedf.org\/wp-content\/uploads\/2023\/03\/photo_camilla-300x200.png 300w, https:\/\/orchestreedf.org\/wp-content\/uploads\/2023\/03\/photo_camilla-1024x683.png 1024w, https:\/\/orchestreedf.org\/wp-content\/uploads\/2023\/03\/photo_camilla-768x512.png 768w, https:\/\/orchestreedf.org\/wp-content\/uploads\/2023\/03\/photo_camilla-50x33.png 50w, https:\/\/orchestreedf.org\/wp-content\/uploads\/2023\/03\/photo_camilla-900x600.png 900w, https:\/\/orchestreedf.org\/wp-content\/uploads\/2023\/03\/photo_camilla-1280x854.png 1280w, https:\/\/orchestreedf.org\/wp-content\/uploads\/2023\/03\/photo_camilla.png 1321w\" sizes=\"(max-width: 300px) 100vw, 300px\" \/>Depuis 2014, elle a eu occasion de diriger divers orchestres amateurs et professionnels. Elle travaille notamment \u00e0 l\u2019Op\u00e9ra de Massy o\u00f9 elle a \u00e9t\u00e9 cheffe assistante sur plusieurs productions, o\u00f9 elle a dirig\u00e9 en juin 2019 l\u2019op\u00e9ra pour enfants <em>Atchafalaya<\/em> d\u2019Isabelle Aboulker et o\u00f9, depuis octobre 2021, elle travaille en qualit\u00e9 de cheffe d\u2019orchestre au projet D\u00e9mos Nord-Essonne. Camilla a \u00e9t\u00e9 fondatrice et directrice artistique du <em>Labop\u00e9ra Seine-et-Marne<\/em> de 2020 \u00e0 2023.<\/p>\n<p>Camilla a eu l\u2019occasion de travailler dans d\u2019autres pays, notamment en Italie, en Suisse et au Luxembourg ; elle a dirig\u00e9 notamment le <em>Barbier de S\u00e9ville<\/em> au<em> Teatro Mancinelli<\/em> \u00e0 Orvieto (Italie) en ao\u00fbt 2020 et au Festival <em>Ticino Musica<\/em> dans la Suisse italienne (<em>Barbier de S\u00e9ville<\/em> de Rossini en juillet 2021, <em>Cenerentola<\/em> de Rossini en juillet 2022 et <em>Matrimonio Segreto<\/em> de Cimarosa en juillet 2023). Elle dirigera une production du Don Pasquale de Donizetti au Luxembourg \u00e0 la saison 23-24.<\/p>\n<p>En ao\u00fbt 2023, au Concours <em>Luigi Mancinelli de Orvieto<\/em>, Camilla gagne le deuxi\u00e8me prix ex-aequo ainsi que le prix sp\u00e9cial de la Fondation <em>Teatro<\/em><br \/>\n<em>Coccia de Novare<\/em> en Italie.<\/p>\n<p>Camilla Rossetti est directrice artistique de l&#8217;Orchestre EDF depuis janvier 2023.<\/p>\n<p><em>Cr\u00e9dit photo : A. Coutant<\/em><\/p>\n","protected":false},"excerpt":{"rendered":"<p>Camilla ROSSETTI Camilla Rossetti a commenc\u00e9 ses \u00e9tudes musicales \u00e0 l\u2019\u00e2ge de 7 ans au Conservatoire de Musique de Luxembourg. Apr\u00e8s des \u00e9tudes en Musique et Math\u00e9matiques \u00e0 l\u2019University of East Anglia \u00e0 Norwich en Angleterre, Camilla a pu perfectionner ses \u00e9tudes musicales \u00e0 Paris, ville o\u00f9 elle a d\u00e9but\u00e9 sa carri\u00e8re en direction d\u2019orchestre. [&hellip;]<\/p>\n","protected":false},"author":1,"featured_media":0,"parent":0,"menu_order":0,"comment_status":"closed","ping_status":"closed","template":"","meta":{"_monsterinsights_skip_tracking":false,"_monsterinsights_sitenote_active":false,"_monsterinsights_sitenote_note":"","_monsterinsights_sitenote_category":0},"wppr_data":{"cwp_meta_box_check":"No"},"_links":{"self":[{"href":"https:\/\/orchestreedf.org\/index.php\/wp-json\/wp\/v2\/pages\/24"}],"collection":[{"href":"https:\/\/orchestreedf.org\/index.php\/wp-json\/wp\/v2\/pages"}],"about":[{"href":"https:\/\/orchestreedf.org\/index.php\/wp-json\/wp\/v2\/types\/page"}],"author":[{"embeddable":true,"href":"https:\/\/orchestreedf.org\/index.php\/wp-json\/wp\/v2\/users\/1"}],"replies":[{"embeddable":true,"href":"https:\/\/orchestreedf.org\/index.php\/wp-json\/wp\/v2\/comments?post=24"}],"version-history":[{"count":15,"href":"https:\/\/orchestreedf.org\/index.php\/wp-json\/wp\/v2\/pages\/24\/revisions"}],"predecessor-version":[{"id":1804,"href":"https:\/\/orchestreedf.org\/index.php\/wp-json\/wp\/v2\/pages\/24\/revisions\/1804"}],"wp:attachment":[{"href":"https:\/\/orchestreedf.org\/index.php\/wp-json\/wp\/v2\/media?parent=24"}],"curies":[{"name":"wp","href":"https:\/\/api.w.org\/{rel}","templated":true}]}}

<h3>Camilla ROSSETTI</h3>
<p>Camilla Rossetti a commencé ses études musicales à l’âge de 7 ans au Conservatoire de Musique de Luxembourg. Après des études en Musique et Mathématiques à l’<em>University of East Anglia</em> à Norwich en Angleterre, Camilla a pu perfectionner ses études musicales à Paris, ville où elle a débuté sa carrière en direction d’orchestre.</p>
<p><img loading="lazy" class="wp-image-1614 alignleft" src="https://orchestreedf.org/wp-content/uploads/2023/03/photo_camilla-300x200.png" alt="Photo de Camilla Rossetti" width="300" height="200" srcset="https://orchestreedf.org/wp-content/uploads/2023/03/photo_camilla-300x200.png 300w, https://orchestreedf.org/wp-content/uploads/2023/03/photo_camilla-1024x683.png 1024w, https://orchestreedf.org/wp-content/uploads/2023/03/photo_camilla-768x512.png 768w, https://orchestreedf.org/wp-content/uploads/2023/03/photo_camilla-50x33.png 50w, https://orchestreedf.org/wp-content/uploads/2023/03/photo_camilla-900x600.png 900w, https://orchestreedf.org/wp-content/uploads/2023/03/photo_camilla-1280x854.png 1280w, https://orchestreedf.org/wp-content/uploads/2023/03/photo_camilla.png 1321w" sizes="(max-width: 300px) 100vw, 300px" />Depuis 2014, elle a eu occasion de diriger divers orchestres amateurs et professionnels. Elle travaille notamment à l’Opéra de Massy où elle a été cheffe assistante sur plusieurs productions, où elle a dirigé en juin 2019 l’opéra pour enfants <em>Atchafalaya</em> d’Isabelle Aboulker et où, depuis octobre 2021, elle travaille en qualité de cheffe d’orchestre au projet Démos Nord-Essonne. Camilla a été fondatrice et directrice artistique du <em>Labopéra Seine-et-Marne</em> de 2020 à 2023.</p>
<p>Camilla a eu l’occasion de travailler dans d’autres pays, notamment en Italie, en Suisse et au Luxembourg ; elle a dirigé notamment le <em>Barbier de Séville</em> au<em> Teatro Mancinelli</em> à Orvieto (Italie) en août 2020 et au Festival <em>Ticino Musica</em> dans la Suisse italienne (<em>Barbier de Séville</em> de Rossini en juillet 2021, <em>Cenerentola</em> de Rossini en juillet 2022 et <em>Matrimonio Segreto</em> de Cimarosa en juillet 2023). Elle dirigera une production du Don Pasquale de Donizetti au Luxembourg à la saison 23-24.</p>
<p>En août 2023, au Concours <em>Luigi Mancinelli de Orvieto</em>, Camilla gagne le deuxième prix ex-aequo ainsi que le prix spécial de la Fondation <em>Teatro</em><br />
<em>Coccia de Novare</em> en Italie.</p>
<p>Camilla Rossetti est directrice artistique de l&#8217;Orchestre EDF depuis janvier 2023.</p>
<p><em>Crédit photo : A. Coutant</em></p>

<p>Camilla ROSSETTI Camilla Rossetti a commencé ses études musicales à l’âge de 7 ans au Conservatoire de Musique de Luxembourg. Après des études en Musique et Mathématiques à l’University of East Anglia à Norwich en Angleterre, Camilla a pu perfectionner ses études musicales à Paris, ville où elle a débuté sa carrière en direction d’orchestre. [&hellip;]</p>
