{"id":15,"date":"2016-10-04T22:06:46","date_gmt":"2016-10-04T20:06:46","guid":{"rendered":"http:\/\/orchestreedf.org\/?page_id=15"},"modified":"2025-12-05T10:54:49","modified_gmt":"2025-12-05T09:54:49","slug":"accueil","status":"publish","type":"page","link":"https:\/\/orchestreedf.org\/","title":{"rendered":"Accueil"},"content":{"rendered":"<p><img loading=\"lazy\" class=\"alignnone wp-image-1854 size-full\" src=\"https:\/\/orchestreedf.org\/wp-content\/uploads\/2025\/04\/orchestre_full_2.jpg\" alt=\"\" width=\"1940\" height=\"836\" srcset=\"https:\/\/orchestreedf.org\/wp-content\/uploads\/2025\/04\/orchestre_full_2.jpg 1940w, https:\/\/orchestreedf.org\/wp-content\/uploads\/2025\/04\/orchestre_full_2-300x129.jpg 300w, https:\/\/orchestreedf.org\/wp-content\/uploads\/2025\/04\/orchestre_full_2-1024x441.jpg 1024w, https:\/\/orchestreedf.org\/wp-content\/uploads\/2025\/04\/orchestre_full_2-768x331.jpg 768w, https:\/\/orchestreedf.org\/wp-content\/uploads\/2025\/04\/orchestre_full_2-1536x662.jpg 1536w, https:\/\/orchestreedf.org\/wp-content\/uploads\/2025\/04\/orchestre_full_2-50x22.jpg 50w, https:\/\/orchestreedf.org\/wp-content\/uploads\/2025\/04\/orchestre_full_2-900x388.jpg 900w, https:\/\/orchestreedf.org\/wp-content\/uploads\/2025\/04\/orchestre_full_2-1280x552.jpg 1280w\" sizes=\"(max-width: 1940px) 100vw, 1940px\" \/><\/p>\n<p>L\u2019orchestre EDF est une formation symphonique d\u00e9di\u00e9e prioritairement aux actions de communication du Groupe EDF aupr\u00e8s de ses clients et partenaires.<\/p>\n<p>L&#8217;orchestre EDF a pour vocation de contribuer au rayonnement culturel du Groupe EDF, par la diffusion d\u2019une image valorisante, en coh\u00e9rence avec les valeurs de l\u2019entreprise. Il stimule la pratique musicale amateur de haut niveau.<\/p>\n<p>Son originalit\u00e9 r\u00e9side dans le fait d\u2019\u00eatre compos\u00e9, \u00e0 une large majorit\u00e9, de musiciens amateurs, salari\u00e9s de l\u2019entreprise, qui consacrent leur temps libre \u00e0 la pratique musicale.<\/p>\n<p>Cet ensemble symphonique, au r\u00e9pertoire vari\u00e9, se produit r\u00e9guli\u00e8rement dans toutes les r\u00e9gions de France m\u00e9tropolitaine.<\/p>\n","protected":false},"excerpt":{"rendered":"<p>L\u2019orchestre EDF est une formation symphonique d\u00e9di\u00e9e prioritairement aux actions de communication du Groupe EDF aupr\u00e8s de ses clients et partenaires. L&#8217;orchestre EDF a pour vocation de contribuer au rayonnement culturel du Groupe EDF, par la diffusion d\u2019une image valorisante, en coh\u00e9rence avec les valeurs de l\u2019entreprise. Il stimule la pratique musicale amateur de haut [&hellip;]<\/p>\n","protected":false},"author":1,"featured_media":0,"parent":0,"menu_order":0,"comment_status":"closed","ping_status":"closed","template":"","meta":{"_monsterinsights_skip_tracking":false,"_monsterinsights_sitenote_active":false,"_monsterinsights_sitenote_note":"","_monsterinsights_sitenote_category":0},"wppr_data":{"cwp_meta_box_check":"No"},"_links":{"self":[{"href":"https:\/\/orchestreedf.org\/index.php\/wp-json\/wp\/v2\/pages\/15"}],"collection":[{"href":"https:\/\/orchestreedf.org\/index.php\/wp-json\/wp\/v2\/pages"}],"about":[{"href":"https:\/\/orchestreedf.org\/index.php\/wp-json\/wp\/v2\/types\/page"}],"author":[{"embeddable":true,"href":"https:\/\/orchestreedf.org\/index.php\/wp-json\/wp\/v2\/users\/1"}],"replies":[{"embeddable":true,"href":"https:\/\/orchestreedf.org\/index.php\/wp-json\/wp\/v2\/comments?post=15"}],"version-history":[{"count":71,"href":"https:\/\/orchestreedf.org\/index.php\/wp-json\/wp\/v2\/pages\/15\/revisions"}],"predecessor-version":[{"id":1915,"href":"https:\/\/orchestreedf.org\/index.php\/wp-json\/wp\/v2\/pages\/15\/revisions\/1915"}],"wp:attachment":[{"href":"https:\/\/orchestreedf.org\/index.php\/wp-json\/wp\/v2\/media?parent=15"}],"curies":[{"name":"wp","href":"https:\/\/api.w.org\/{rel}","templated":true}]}}

<p><img loading="lazy" class="alignnone wp-image-1854 size-full" src="https://orchestreedf.org/wp-content/uploads/2025/04/orchestre_full_2.jpg" alt="" width="1940" height="836" srcset="https://orchestreedf.org/wp-content/uploads/2025/04/orchestre_full_2.jpg 1940w, https://orchestreedf.org/wp-content/uploads/2025/04/orchestre_full_2-300x129.jpg 300w, https://orchestreedf.org/wp-content/uploads/2025/04/orchestre_full_2-1024x441.jpg 1024w, https://orchestreedf.org/wp-content/uploads/2025/04/orchestre_full_2-768x331.jpg 768w, https://orchestreedf.org/wp-content/uploads/2025/04/orchestre_full_2-1536x662.jpg 1536w, https://orchestreedf.org/wp-content/uploads/2025/04/orchestre_full_2-50x22.jpg 50w, https://orchestreedf.org/wp-content/uploads/2025/04/orchestre_full_2-900x388.jpg 900w, https://orchestreedf.org/wp-content/uploads/2025/04/orchestre_full_2-1280x552.jpg 1280w" sizes="(max-width: 1940px) 100vw, 1940px" /></p>
<p>L’orchestre EDF est une formation symphonique dédiée prioritairement aux actions de communication du Groupe EDF auprès de ses clients et partenaires.</p>
<p>L&#8217;orchestre EDF a pour vocation de contribuer au rayonnement culturel du Groupe EDF, par la diffusion d’une image valorisante, en cohérence avec les valeurs de l’entreprise. Il stimule la pratique musicale amateur de haut niveau.</p>
<p>Son originalité réside dans le fait d’être composé, à une large majorité, de musiciens amateurs, salariés de l’entreprise, qui consacrent leur temps libre à la pratique musicale.</p>
<p>Cet ensemble symphonique, au répertoire varié, se produit régulièrement dans toutes les régions de France métropolitaine.</p>

<p>L’orchestre EDF est une formation symphonique dédiée prioritairement aux actions de communication du Groupe EDF auprès de ses clients et partenaires. L&#8217;orchestre EDF a pour vocation de contribuer au rayonnement culturel du Groupe EDF, par la diffusion d’une image valorisante, en cohérence avec les valeurs de l’entreprise. Il stimule la pratique musicale amateur de haut [&hellip;]</p>
